{"id":13,"date":"2015-06-14T02:57:47","date_gmt":"2015-06-14T02:57:47","guid":{"rendered":"https:\/\/doitservices.com.br\/site\/?page_id=13"},"modified":"2015-09-29T23:41:05","modified_gmt":"2015-09-29T23:41:05","slug":"missao","status":"publish","type":"page","link":"https:\/\/doitservices.com.br\/site\/missao\/","title":{"rendered":"Miss\u00e3o"},"content":{"rendered":"<ul>\n<li>Sermos parceiros de nossos clientes.<\/li>\n<li>Exceder as expectativas de nossos clientes, aperfei\u00e7oando o atendimento, tornando-o diferenciado e inovador. Fazendo isso com:\n<ul>\n<li>Capacita\u00e7\u00e3o T\u00e9cnica, \u00c9tica e Transpar\u00eancia;<\/li>\n<li>Foco no Resultado atrav\u00e9s da utiliza\u00e7\u00e3o de ferramentas e m\u00e9todos de moderniza\u00e7\u00e3o de processos, controle dos custos e despesas;<\/li>\n<li>Prioridade na preserva\u00e7\u00e3o e valoriza\u00e7\u00e3o do patrim\u00f4nio, trazendo seguran\u00e7a e tranquilidade aos cond\u00f4minos;<\/li>\n<li>Implanta\u00e7\u00e3o de organiza\u00e7\u00e3o condominial e comunica\u00e7\u00e3o que facilitem a conviv\u00eancia harmoniosa entre os cond\u00f4minos;<\/li>\n<li>Melhoria continua no processo de gest\u00e3o, adequando as solu\u00e7\u00f5es \u00e0s necessidades espec\u00edficas de cada cliente;<\/li>\n<li>Treinamento e qualifica\u00e7\u00e3o dos nossos profissionais.<\/li>\n<\/ul>\n<\/li>\n<\/ul>\n","protected":false},"excerpt":{"rendered":"<p>Sermos parceiros de nossos clientes. Exceder as expectativas de nossos clientes, aperfei\u00e7oando o atendimento, tornando-o diferenciado e inovador. Fazendo isso com: Capacita\u00e7\u00e3o T\u00e9cnica, \u00c9tica e Transpar\u00eancia; Foco no Resultado atrav\u00e9s da utiliza\u00e7\u00e3o de ferramentas e m\u00e9todos de moderniza\u00e7\u00e3o de processos,<\/p>\n","protected":false},"author":1,"featured_media":31,"parent":0,"menu_order":0,"comment_status":"closed","ping_status":"closed","template":"","meta":{"footnotes":""},"class_list":["post-13","page","type-page","status-publish","has-post-thumbnail","hentry"],"yoast_head":"<!-- This site is optimized with the Yoast SEO plugin v27.6 - https:\/\/yoast.com\/product\/yoast-seo-wordpress\/ -->\n<title>Miss\u00e3o - Do it! Services<\/title>\n<meta name=\"description\" content=\"Nossa principal miss\u00e3o \u00e9 sermos parceiros de nossos clientes. Para isso, buscamos exceder \u00e0s expectativas de nossos clientes, aperfei\u00e7oando o atendimento, tornando-o diferenciado e inovador.\" \/>\n<meta name=\"robots\" content=\"index, follow, max-snippet:-1, max-image-preview:large, max-video-preview:-1\" \/>\n<link rel=\"canonical\" href=\"https:\/\/doitservices.com.br\/site\/missao\/\" \/>\n<meta property=\"og:locale\" content=\"pt_BR\" \/>\n<meta property=\"og:type\" content=\"article\" \/>\n<meta property=\"og:title\" content=\"Miss\u00e3o - Do it! Services\" \/>\n<meta property=\"og:description\" content=\"Nossa principal miss\u00e3o \u00e9 sermos parceiros de nossos clientes. Para isso, buscamos exceder \u00e0s expectativas de nossos clientes, aperfei\u00e7oando o atendimento, tornando-o diferenciado e inovador.\" \/>\n<meta property=\"og:url\" content=\"https:\/\/doitservices.com.br\/site\/missao\/\" \/>\n<meta property=\"og:site_name\" content=\"Do it! Services\" \/>\n<meta property=\"article:modified_time\" content=\"2015-09-29T23:41:05+00:00\" \/>\n<meta property=\"og:image\" content=\"https:\/\/doitservices.com.br\/site\/wp-content\/uploads\/2015\/06\/shutterstock_114113611.jpg\" \/>\n\t<meta property=\"og:image:width\" content=\"1000\" \/>\n\t<meta property=\"og:image:height\" content=\"667\" \/>\n\t<meta property=\"og:image:type\" content=\"image\/jpeg\" \/>\n<meta name=\"twitter:label1\" content=\"Est. tempo de leitura\" \/>\n\t<meta name=\"twitter:data1\" content=\"1 minuto\" \/>\n<script type=\"application\/ld+json\" class=\"yoast-schema-graph\">{\"@context\":\"https:\\\/\\\/schema.org\",\"@graph\":[{\"@type\":\"WebPage\",\"@id\":\"https:\\\/\\\/doitservices.com.br\\\/site\\\/missao\\\/\",\"url\":\"https:\\\/\\\/doitservices.com.br\\\/site\\\/missao\\\/\",\"name\":\"Miss\u00e3o - Do it! Services\",\"isPartOf\":{\"@id\":\"http:\\\/\\\/doitservices.com.br\\\/site\\\/#website\"},\"primaryImageOfPage\":{\"@id\":\"https:\\\/\\\/doitservices.com.br\\\/site\\\/missao\\\/#primaryimage\"},\"image\":{\"@id\":\"https:\\\/\\\/doitservices.com.br\\\/site\\\/missao\\\/#primaryimage\"},\"thumbnailUrl\":\"https:\\\/\\\/doitservices.com.br\\\/site\\\/wp-content\\\/uploads\\\/2015\\\/06\\\/shutterstock_114113611.jpg\",\"datePublished\":\"2015-06-14T02:57:47+00:00\",\"dateModified\":\"2015-09-29T23:41:05+00:00\",\"description\":\"Nossa principal miss\u00e3o \u00e9 sermos parceiros de nossos clientes. Para isso, buscamos exceder \u00e0s expectativas de nossos clientes, aperfei\u00e7oando o atendimento, tornando-o diferenciado e inovador.\",\"breadcrumb\":{\"@id\":\"https:\\\/\\\/doitservices.com.br\\\/site\\\/missao\\\/#breadcrumb\"},\"inLanguage\":\"pt-BR\",\"potentialAction\":[{\"@type\":\"ReadAction\",\"target\":[\"https:\\\/\\\/doitservices.com.br\\\/site\\\/missao\\\/\"]}]},{\"@type\":\"ImageObject\",\"inLanguage\":\"pt-BR\",\"@id\":\"https:\\\/\\\/doitservices.com.br\\\/site\\\/missao\\\/#primaryimage\",\"url\":\"https:\\\/\\\/doitservices.com.br\\\/site\\\/wp-content\\\/uploads\\\/2015\\\/06\\\/shutterstock_114113611.jpg\",\"contentUrl\":\"https:\\\/\\\/doitservices.com.br\\\/site\\\/wp-content\\\/uploads\\\/2015\\\/06\\\/shutterstock_114113611.jpg\",\"width\":1000,\"height\":667},{\"@type\":\"BreadcrumbList\",\"@id\":\"https:\\\/\\\/doitservices.com.br\\\/site\\\/missao\\\/#breadcrumb\",\"itemListElement\":[{\"@type\":\"ListItem\",\"position\":1,\"name\":\"In\u00edcio\",\"item\":\"http:\\\/\\\/doitservices.com.br\\\/site\\\/\"},{\"@type\":\"ListItem\",\"position\":2,\"name\":\"Miss\u00e3o\"}]},{\"@type\":\"WebSite\",\"@id\":\"http:\\\/\\\/doitservices.com.br\\\/site\\\/#website\",\"url\":\"http:\\\/\\\/doitservices.com.br\\\/site\\\/\",\"name\":\"Do it! Services\",\"description\":\"S\u00edndico Profissional\",\"potentialAction\":[{\"@type\":\"SearchAction\",\"target\":{\"@type\":\"EntryPoint\",\"urlTemplate\":\"http:\\\/\\\/doitservices.com.br\\\/site\\\/?s={search_term_string}\"},\"query-input\":{\"@type\":\"PropertyValueSpecification\",\"valueRequired\":true,\"valueName\":\"search_term_string\"}}],\"inLanguage\":\"pt-BR\"}]}<\/script>\n<!-- \/ Yoast SEO plugin. -->","yoast_head_json":{"title":"Miss\u00e3o - Do it! Services","description":"Nossa principal miss\u00e3o \u00e9 sermos parceiros de nossos clientes. Para isso, buscamos exceder \u00e0s expectativas de nossos clientes, aperfei\u00e7oando o atendimento, tornando-o diferenciado e inovador.","robots":{"index":"index","follow":"follow","max-snippet":"max-snippet:-1","max-image-preview":"max-image-preview:large","max-video-preview":"max-video-preview:-1"},"canonical":"https:\/\/doitservices.com.br\/site\/missao\/","og_locale":"pt_BR","og_type":"article","og_title":"Miss\u00e3o - Do it! Services","og_description":"Nossa principal miss\u00e3o \u00e9 sermos parceiros de nossos clientes. Para isso, buscamos exceder \u00e0s expectativas de nossos clientes, aperfei\u00e7oando o atendimento, tornando-o diferenciado e inovador.","og_url":"https:\/\/doitservices.com.br\/site\/missao\/","og_site_name":"Do it! Services","article_modified_time":"2015-09-29T23:41:05+00:00","og_image":[{"width":1000,"height":667,"url":"https:\/\/doitservices.com.br\/site\/wp-content\/uploads\/2015\/06\/shutterstock_114113611.jpg","type":"image\/jpeg"}],"twitter_misc":{"Est. tempo de leitura":"1 minuto"},"schema":{"@context":"https:\/\/schema.org","@graph":[{"@type":"WebPage","@id":"https:\/\/doitservices.com.br\/site\/missao\/","url":"https:\/\/doitservices.com.br\/site\/missao\/","name":"Miss\u00e3o - Do it! Services","isPartOf":{"@id":"https:\/\/doitservices.com.br\/site\/#website"},"primaryImageOfPage":{"@id":"https:\/\/doitservices.com.br\/site\/missao\/#primaryimage"},"image":{"@id":"https:\/\/doitservices.com.br\/site\/missao\/#primaryimage"},"thumbnailUrl":"https:\/\/doitservices.com.br\/site\/wp-content\/uploads\/2015\/06\/shutterstock_114113611.jpg","datePublished":"2015-06-14T02:57:47+00:00","dateModified":"2015-09-29T23:41:05+00:00","description":"Nossa principal miss\u00e3o \u00e9 sermos parceiros de nossos clientes. Para isso, buscamos exceder \u00e0s expectativas de nossos clientes, aperfei\u00e7oando o atendimento, tornando-o diferenciado e inovador.","breadcrumb":{"@id":"https:\/\/doitservices.com.br\/site\/missao\/#breadcrumb"},"inLanguage":"pt-BR","potentialAction":[{"@type":"ReadAction","target":["https:\/\/doitservices.com.br\/site\/missao\/"]}]},{"@type":"ImageObject","inLanguage":"pt-BR","@id":"https:\/\/doitservices.com.br\/site\/missao\/#primaryimage","url":"https:\/\/doitservices.com.br\/site\/wp-content\/uploads\/2015\/06\/shutterstock_114113611.jpg","contentUrl":"https:\/\/doitservices.com.br\/site\/wp-content\/uploads\/2015\/06\/shutterstock_114113611.jpg","width":1000,"height":667},{"@type":"BreadcrumbList","@id":"https:\/\/doitservices.com.br\/site\/missao\/#breadcrumb","itemListElement":[{"@type":"ListItem","position":1,"name":"In\u00edcio","item":"https:\/\/doitservices.com.br\/site\/"},{"@type":"ListItem","position":2,"name":"Miss\u00e3o"}]},{"@type":"WebSite","@id":"https:\/\/doitservices.com.br\/site\/#website","url":"https:\/\/doitservices.com.br\/site\/","name":"Do it! Services","description":"S\u00edndico Profissional","potentialAction":[{"@type":"SearchAction","target":{"@type":"EntryPoint","urlTemplate":"https:\/\/doitservices.com.br\/site\/?s={search_term_string}"},"query-input":{"@type":"PropertyValueSpecification","valueRequired":true,"valueName":"search_term_string"}}],"inLanguage":"pt-BR"}]}},"_links":{"self":[{"href":"https:\/\/doitservices.com.br\/site\/wp-json\/wp\/v2\/pages\/13","targetHints":{"allow":["GET"]}}],"collection":[{"href":"https:\/\/doitservices.com.br\/site\/wp-json\/wp\/v2\/pages"}],"about":[{"href":"https:\/\/doitservices.com.br\/site\/wp-json\/wp\/v2\/types\/page"}],"author":[{"embeddable":true,"href":"https:\/\/doitservices.com.br\/site\/wp-json\/wp\/v2\/users\/1"}],"replies":[{"embeddable":true,"href":"https:\/\/doitservices.com.br\/site\/wp-json\/wp\/v2\/comments?post=13"}],"version-history":[{"count":0,"href":"https:\/\/doitservices.com.br\/site\/wp-json\/wp\/v2\/pages\/13\/revisions"}],"wp:featuredmedia":[{"embeddable":true,"href":"https:\/\/doitservices.com.br\/site\/wp-json\/wp\/v2\/media\/31"}],"wp:attachment":[{"href":"https:\/\/doitservices.com.br\/site\/wp-json\/wp\/v2\/media?parent=13"}],"curies":[{"name":"wp","href":"https:\/\/api.w.org\/{rel}","templated":true}]}}