{"id":23,"date":"2015-06-14T03:03:59","date_gmt":"2015-06-14T03:03:59","guid":{"rendered":"https:\/\/doitservices.com.br\/site\/?page_id=23"},"modified":"2015-09-29T23:46:51","modified_gmt":"2015-09-29T23:46:51","slug":"diferenciais","status":"publish","type":"page","link":"https:\/\/doitservices.com.br\/site\/diferenciais\/","title":{"rendered":"Diferenciais"},"content":{"rendered":"<h2>GEST\u00c3O DE RELACIONAMENTO<\/h2>\n<p>Um s\u00edndico que n\u00e3o discute com os vizinhos: discute solu\u00e7\u00f5es. Nossos profissionais est\u00e3o prontos para atender de maneira pr\u00e1tica e transparente as reclama\u00e7\u00f5es dos moradores, evitando atritos desnecess\u00e1rios entre cond\u00f4minos.<\/p>\n<h2>OR\u00c7AMENTO DE SERVI\u00c7OS E SUPRIMENTOS<\/h2>\n<p>Realizamos o contato com fornecedores, cuidamos das negocia\u00e7\u00f5es de compras de suprimentos e solicita\u00e7\u00f5es de servi\u00e7os, como elevadores, port\u00f5es autom\u00e1ticos, bombas, seguran\u00e7a, entre outros.<\/p>\n<h2>MENOS TEMPO, MENOS CUSTOS<\/h2>\n<p>Garantimos uma equipe dedicada \u00e0s necessidades do condom\u00ednio, com tempo para negocia\u00e7\u00f5es de custos, melhor acompanhamento dos or\u00e7amentos e presen\u00e7a constante junto \u00e0 administradora, o que agiliza processos e otimiza resultados.<\/p>\n<h2>DIAGN\u00d3STICO TOTAL DO CONDOM\u00cdNIO<\/h2>\n<p>Realizamos diagn\u00f3sticos completos do seu condom\u00ednio, assim podemos oferecer solu\u00e7\u00f5es sob medida, reparando e mantendo o patrim\u00f4nio, antes que se torne um problema.<\/p>\n<h2>GEST\u00c3O DE COLABORADORES DO CONDOM\u00cdNIO<\/h2>\n<p>Para garantir o bom funcionamento da rotina operacional do seu condom\u00ednio supervisionamos e definimos o dia a dia dos colaboradores e gerenciamos contratos de m\u00e3os de obra terceirizada.<\/p>\n<h2>COBRAN\u00c7A AMIG\u00c1VEL<\/h2>\n<p>Contamos com aux\u00edlio jur\u00eddico para solucionar problemas de inadimpl\u00eancia, deste modo, \u00e9 poss\u00edvel resolver esta quest\u00e3o de forma amig\u00e1vel.<\/p>\n<h2>ATENDIMENTO DIRETO COM O CONDOM\u00cdNIO<\/h2>\n<p>A comunica\u00e7\u00e3o com a empresa \u00e9 simples e r\u00e1pida: todos os cond\u00f4minos t\u00eam acesso pessoalmente, e tamb\u00e9m, por meio de um telefone direto e e-mail espec\u00edfico.<\/p>\n<p><strong><u>\u00a0<\/u><\/strong><\/p>\n","protected":false},"excerpt":{"rendered":"<p>GEST\u00c3O DE RELACIONAMENTO Um s\u00edndico que n\u00e3o discute com os vizinhos: discute solu\u00e7\u00f5es. Nossos profissionais est\u00e3o prontos para atender de maneira pr\u00e1tica e transparente as reclama\u00e7\u00f5es dos moradores, evitando atritos desnecess\u00e1rios entre cond\u00f4minos. OR\u00c7AMENTO DE SERVI\u00c7OS E SUPRIMENTOS Realizamos o<\/p>\n","protected":false},"author":1,"featured_media":5,"parent":0,"menu_order":0,"comment_status":"closed","ping_status":"closed","template":"","meta":{"footnotes":""},"class_list":["post-23","page","type-page","status-publish","has-post-thumbnail","hentry"],"yoast_head":"<!-- This site is optimized with the Yoast SEO plugin v27.6 - https:\/\/yoast.com\/product\/yoast-seo-wordpress\/ -->\n<title>Diferenciais - Do it! Services<\/title>\n<meta name=\"description\" content=\"Existem diferen\u00e7as relevantes entre as qualifica\u00e7\u00f5es de um s\u00edndico morador\/terceirizado x s\u00edndico profissional.\" \/>\n<meta name=\"robots\" content=\"index, follow, max-snippet:-1, max-image-preview:large, max-video-preview:-1\" \/>\n<link rel=\"canonical\" href=\"https:\/\/doitservices.com.br\/site\/diferenciais\/\" \/>\n<meta property=\"og:locale\" content=\"pt_BR\" \/>\n<meta property=\"og:type\" content=\"article\" \/>\n<meta property=\"og:title\" content=\"Diferenciais - Do it! Services\" \/>\n<meta property=\"og:description\" content=\"Existem diferen\u00e7as relevantes entre as qualifica\u00e7\u00f5es de um s\u00edndico morador\/terceirizado x s\u00edndico profissional.\" \/>\n<meta property=\"og:url\" content=\"https:\/\/doitservices.com.br\/site\/diferenciais\/\" \/>\n<meta property=\"og:site_name\" content=\"Do it! Services\" \/>\n<meta property=\"article:modified_time\" content=\"2015-09-29T23:46:51+00:00\" \/>\n<meta property=\"og:image\" content=\"https:\/\/doitservices.com.br\/site\/wp-content\/uploads\/2015\/06\/cropped-shutterstock_108375284.jpg\" \/>\n\t<meta property=\"og:image:width\" content=\"1500\" \/>\n\t<meta property=\"og:image:height\" content=\"400\" \/>\n\t<meta property=\"og:image:type\" content=\"image\/jpeg\" \/>\n<meta name=\"twitter:label1\" content=\"Est. tempo de leitura\" \/>\n\t<meta name=\"twitter:data1\" content=\"1 minuto\" \/>\n<script type=\"application\/ld+json\" class=\"yoast-schema-graph\">{\"@context\":\"https:\\\/\\\/schema.org\",\"@graph\":[{\"@type\":\"WebPage\",\"@id\":\"http:\\\/\\\/doitservices.com.br\\\/site\\\/diferenciais\\\/\",\"url\":\"http:\\\/\\\/doitservices.com.br\\\/site\\\/diferenciais\\\/\",\"name\":\"Diferenciais - Do it! Services\",\"isPartOf\":{\"@id\":\"http:\\\/\\\/doitservices.com.br\\\/site\\\/#website\"},\"primaryImageOfPage\":{\"@id\":\"http:\\\/\\\/doitservices.com.br\\\/site\\\/diferenciais\\\/#primaryimage\"},\"image\":{\"@id\":\"http:\\\/\\\/doitservices.com.br\\\/site\\\/diferenciais\\\/#primaryimage\"},\"thumbnailUrl\":\"https:\\\/\\\/doitservices.com.br\\\/site\\\/wp-content\\\/uploads\\\/2015\\\/06\\\/cropped-shutterstock_108375284.jpg\",\"datePublished\":\"2015-06-14T03:03:59+00:00\",\"dateModified\":\"2015-09-29T23:46:51+00:00\",\"description\":\"Existem diferen\u00e7as relevantes entre as qualifica\u00e7\u00f5es de um s\u00edndico morador\\\/terceirizado x s\u00edndico profissional.\",\"breadcrumb\":{\"@id\":\"http:\\\/\\\/doitservices.com.br\\\/site\\\/diferenciais\\\/#breadcrumb\"},\"inLanguage\":\"pt-BR\",\"potentialAction\":[{\"@type\":\"ReadAction\",\"target\":[\"http:\\\/\\\/doitservices.com.br\\\/site\\\/diferenciais\\\/\"]}]},{\"@type\":\"ImageObject\",\"inLanguage\":\"pt-BR\",\"@id\":\"http:\\\/\\\/doitservices.com.br\\\/site\\\/diferenciais\\\/#primaryimage\",\"url\":\"https:\\\/\\\/doitservices.com.br\\\/site\\\/wp-content\\\/uploads\\\/2015\\\/06\\\/cropped-shutterstock_108375284.jpg\",\"contentUrl\":\"https:\\\/\\\/doitservices.com.br\\\/site\\\/wp-content\\\/uploads\\\/2015\\\/06\\\/cropped-shutterstock_108375284.jpg\",\"width\":1500,\"height\":400},{\"@type\":\"BreadcrumbList\",\"@id\":\"http:\\\/\\\/doitservices.com.br\\\/site\\\/diferenciais\\\/#breadcrumb\",\"itemListElement\":[{\"@type\":\"ListItem\",\"position\":1,\"name\":\"In\u00edcio\",\"item\":\"http:\\\/\\\/doitservices.com.br\\\/site\\\/\"},{\"@type\":\"ListItem\",\"position\":2,\"name\":\"Diferenciais\"}]},{\"@type\":\"WebSite\",\"@id\":\"http:\\\/\\\/doitservices.com.br\\\/site\\\/#website\",\"url\":\"http:\\\/\\\/doitservices.com.br\\\/site\\\/\",\"name\":\"Do it! Services\",\"description\":\"S\u00edndico Profissional\",\"potentialAction\":[{\"@type\":\"SearchAction\",\"target\":{\"@type\":\"EntryPoint\",\"urlTemplate\":\"http:\\\/\\\/doitservices.com.br\\\/site\\\/?s={search_term_string}\"},\"query-input\":{\"@type\":\"PropertyValueSpecification\",\"valueRequired\":true,\"valueName\":\"search_term_string\"}}],\"inLanguage\":\"pt-BR\"}]}<\/script>\n<!-- \/ Yoast SEO plugin. -->","yoast_head_json":{"title":"Diferenciais - Do it! Services","description":"Existem diferen\u00e7as relevantes entre as qualifica\u00e7\u00f5es de um s\u00edndico morador\/terceirizado x s\u00edndico profissional.","robots":{"index":"index","follow":"follow","max-snippet":"max-snippet:-1","max-image-preview":"max-image-preview:large","max-video-preview":"max-video-preview:-1"},"canonical":"https:\/\/doitservices.com.br\/site\/diferenciais\/","og_locale":"pt_BR","og_type":"article","og_title":"Diferenciais - Do it! Services","og_description":"Existem diferen\u00e7as relevantes entre as qualifica\u00e7\u00f5es de um s\u00edndico morador\/terceirizado x s\u00edndico profissional.","og_url":"https:\/\/doitservices.com.br\/site\/diferenciais\/","og_site_name":"Do it! Services","article_modified_time":"2015-09-29T23:46:51+00:00","og_image":[{"width":1500,"height":400,"url":"https:\/\/doitservices.com.br\/site\/wp-content\/uploads\/2015\/06\/cropped-shutterstock_108375284.jpg","type":"image\/jpeg"}],"twitter_misc":{"Est. tempo de leitura":"1 minuto"},"schema":{"@context":"https:\/\/schema.org","@graph":[{"@type":"WebPage","@id":"https:\/\/doitservices.com.br\/site\/diferenciais\/","url":"https:\/\/doitservices.com.br\/site\/diferenciais\/","name":"Diferenciais - Do it! Services","isPartOf":{"@id":"https:\/\/doitservices.com.br\/site\/#website"},"primaryImageOfPage":{"@id":"https:\/\/doitservices.com.br\/site\/diferenciais\/#primaryimage"},"image":{"@id":"https:\/\/doitservices.com.br\/site\/diferenciais\/#primaryimage"},"thumbnailUrl":"https:\/\/doitservices.com.br\/site\/wp-content\/uploads\/2015\/06\/cropped-shutterstock_108375284.jpg","datePublished":"2015-06-14T03:03:59+00:00","dateModified":"2015-09-29T23:46:51+00:00","description":"Existem diferen\u00e7as relevantes entre as qualifica\u00e7\u00f5es de um s\u00edndico morador\/terceirizado x s\u00edndico profissional.","breadcrumb":{"@id":"https:\/\/doitservices.com.br\/site\/diferenciais\/#breadcrumb"},"inLanguage":"pt-BR","potentialAction":[{"@type":"ReadAction","target":["https:\/\/doitservices.com.br\/site\/diferenciais\/"]}]},{"@type":"ImageObject","inLanguage":"pt-BR","@id":"https:\/\/doitservices.com.br\/site\/diferenciais\/#primaryimage","url":"https:\/\/doitservices.com.br\/site\/wp-content\/uploads\/2015\/06\/cropped-shutterstock_108375284.jpg","contentUrl":"https:\/\/doitservices.com.br\/site\/wp-content\/uploads\/2015\/06\/cropped-shutterstock_108375284.jpg","width":1500,"height":400},{"@type":"BreadcrumbList","@id":"https:\/\/doitservices.com.br\/site\/diferenciais\/#breadcrumb","itemListElement":[{"@type":"ListItem","position":1,"name":"In\u00edcio","item":"https:\/\/doitservices.com.br\/site\/"},{"@type":"ListItem","position":2,"name":"Diferenciais"}]},{"@type":"WebSite","@id":"https:\/\/doitservices.com.br\/site\/#website","url":"https:\/\/doitservices.com.br\/site\/","name":"Do it! Services","description":"S\u00edndico Profissional","potentialAction":[{"@type":"SearchAction","target":{"@type":"EntryPoint","urlTemplate":"https:\/\/doitservices.com.br\/site\/?s={search_term_string}"},"query-input":{"@type":"PropertyValueSpecification","valueRequired":true,"valueName":"search_term_string"}}],"inLanguage":"pt-BR"}]}},"_links":{"self":[{"href":"https:\/\/doitservices.com.br\/site\/wp-json\/wp\/v2\/pages\/23","targetHints":{"allow":["GET"]}}],"collection":[{"href":"https:\/\/doitservices.com.br\/site\/wp-json\/wp\/v2\/pages"}],"about":[{"href":"https:\/\/doitservices.com.br\/site\/wp-json\/wp\/v2\/types\/page"}],"author":[{"embeddable":true,"href":"https:\/\/doitservices.com.br\/site\/wp-json\/wp\/v2\/users\/1"}],"replies":[{"embeddable":true,"href":"https:\/\/doitservices.com.br\/site\/wp-json\/wp\/v2\/comments?post=23"}],"version-history":[{"count":0,"href":"https:\/\/doitservices.com.br\/site\/wp-json\/wp\/v2\/pages\/23\/revisions"}],"wp:featuredmedia":[{"embeddable":true,"href":"https:\/\/doitservices.com.br\/site\/wp-json\/wp\/v2\/media\/5"}],"wp:attachment":[{"href":"https:\/\/doitservices.com.br\/site\/wp-json\/wp\/v2\/media?parent=23"}],"curies":[{"name":"wp","href":"https:\/\/api.w.org\/{rel}","templated":true}]}}